ens digit of 818947169?
6
What is the tens digit of 1019098014?
1
What is the units digit of 1633867706?
6
What is the hundreds digit of 529564601?
6
What is the units digit of 182092043?
3
What is the ten millions digit of 1222628684?
2
What is the millions digit of 73500380?
3
What is the ten millions digit of 2678927931?
7
What is the thousands digit of 7997420?
7
What is the tens digit of 106145665?
6
What is the ten millions digit of 838496958?
3
What is the millions digit of 185813550?
5
What is the units digit of 2408830288?
8
What is the millions digit of 11332457?
1
What is the hundred thousands digit of 49326704?
3
What is the ten thousands digit of 172488248?
8
What is the ten thousands digit of 634094257?
9
What is the hundred thousands digit of 2446447000?
4
What is the ten thousands digit of 1935367393?
6
What is the millions digit of 8984620907?
4
What is the ten thousands digit of 7245890?
4
What is the ten millions digit of 1807956937?
0
What is the hundred millions digit of 2093381693?
0
What is the units digit of 2525024085?
5
What is the hundred thousands digit of 6806011674?
0
What is the hundred millions digit of 1209989605?
2
What is the thousands digit of 57059194?
9
What is the ten millions digit of 5220507189?
2
What is the thousands digit of 121764741?
4
What is the ten millions digit of 659612316?
5
What is the hundred thousands digit of 41947853?
9
What is the units digit of 44782736?
6
What is the millions digit of 274361257?
4
What is the millions digit of 51833179?
1
What is the millions digit of 87083157?
7
What is the millions digit of 526497878?
6
What is the hundreds digit of 65606120?
1
What is the millions digit of 1974219551?
4
What is the ten millions digit of 313849994?
1
What is the millions digit of 5301075486?
1
What is the hundred thousands digit of 3604492634?
4
What is the ten thousands digit of 31046026?
4
What is the ten millions digit of 40423013?
4
What is the tens digit of 5222620448?
4
What is the hundred thousands digit of 227153877?
1
What is the millions digit of 222844453?
2
What is the tens digit of 4655025116?
1
What is the millions digit of 810384138?
0
What is the units digit of 1915635906?
6
What is the ten thousands digit of 17288647?
8
What is the millions digit of 118813184?
8
What is the thousands digit of 1755169248?
9
What is the hundreds digit of 930033828?
8
What is the ten millions digit of 4452893070?
5
What is the millions digit of 153370998?
3
What is the ten thousands digit of 47688543?
8
What is the hundreds digit of 4407475281?
2
What is the hundred millions digit of 971191825?
9
What is the tens digit of 882562473?
7
What is the tens digit of 21920650?
5
What is the ten thousands digit of 28247355?
4
What is the millions digit of 306901201?
6
What is the ten millions digit of 36577648?
3
What is the hundred thousands digit of 1762382172?
3
What is the hundred millions digit of 124736381?
1
What is the hundred thousands digit of 192681063?
6
What is the ten millions digit of 9699102191?
9
What is the units digit of 3786340873?
3
What is the tens digit of 145767181?
8
What is the ten millions digit of 279772321?
7
What is the hundred thousands digit of 96589985?
5
What is the hundreds digit of 393314547?
5
What is the millions digit of 1298055363?
8
What is the units digit of 6452601725?
5
What is the tens digit of 3350396898?
9
What is the ten thousands digit of 1619295?
1
What is the ten thousands digit of 62135290?
3
What is the units digit of 4757118468?
8
What is the ten thousands digit of 419105796?
0
What is the thousands digit of 63599379?
9
What is the hundred millions digit of 2636589988?
6
What is the ten thousands digit of 1455564?
5
What is the hundred thousands digit of 1331899485?
8
What is the ten millions digit of 35889973?
3
What is the hundreds digit of 78261418?
4
What is the thousands digit of 65750395?
0
What is the units digit of 249913320?
0
What is the tens digit of 5359942253?
5
What is the ten thousands digit of 5251173118?
7
What is the ten thousands digit of 113788474?
8
What is the tens digit of 891762248?
4
What is the hundreds digit of 153898255?
2
What is the tens digit of 3343193538?
3
What is the thousands digit of 658634168?
4
What is the hundreds digit of 21897169?
1
What is the tens digit of 788995981?
8
What is the millions digit of 220351770?
0
What is the ten thousands digit of 1292299083?
9
What is the hundred thousands digit of 341979970?
9
What is the ten millions digit of 333659699?
3
What is the tens digit of 56916385?
8
What is the tens digit of 505845823?
2
What is the thousands digit of 27894140?
4
What is the hundreds digit of 335550246?
2
What is the hundred thousands digit of 985866211?
8
What is the hundreds digit of 415106458?
4
What is the hundred thousands digit of 51125295?
1
What is the ten millions digit of 29442990?
2
What is the ten thousands digit of 221173351?
7
What is the ten millions digit of 25304477?
2
What is the hundred millions digit of 2603191194?
6
What is the hundred thousands digit of 48327249?
3
What is the ten thousands digit of 105255398?
5
What is the hundred thousands digit of 15624474?
6
What is the hundreds digit of 152003139?
1
What is the ten millions digit of 407940672?
0
What is the hundred thousands digit of 167439051?
4
What is the ten thousands digit of 2660821098?
2
What is the hundreds digit of 160448665?
6
What is the hundreds digit of 278699644?
6
What is the ten millions digit of 343249248?
4
What is the ten millions digit of 25057338?
2
What is the units digit of 616499782?
2
What is the hundred thousands digit of 2379764430?
7
What is the ten thousands digit of 1113892356?
9
What is the millions digit of 4630558529?
0
What is the hundreds digit of 1826378762?
7
What is the thousands digit of 482464136?
4
What is the ten millions digit of 4842071809?
4
What is the thousands digit of 272845148?
5
What is the hundred millions digit of 2732932029?
7
What is the hundreds digit of 137455913?
9
What is the hundreds digit of 537503683?
6
What is the units digit of 3742905084?
4
What is the hundred thousands digit of 1276260800?
2
What is the ten thousands digit of 607809866?
0
What is the ten thousands digit of 322769774?
6
What is the hundred thousands digit of 4045145850?
1
What is the thousands digit of 850848955?
8
What is the thousands digit of 527889835?
9
What is the hundred thousands digit of 524375839?
3
What is the ten thousands digit of 12471748?
7
What is the ten millions digit of 27960313?
2
What is the hundred thousands digit of 1834432555?
4
What is the tens digit of 72813910?
1
What is the tens digit of 63142236?
3
What is the thousands digit of 54431780?
1
What is the millions digit of 157266438?
7
What is the tens digit of 24817692?
9
What is the millions digit of 2456311390?
6
What is the tens digit of 19135108?
0
What is the millions digit of 6400102628?
0
What is the ten thousands digit of 39245288?
4
What is the ten millions digit of 260662538?
6
What is the hundred millions digit of 500239659?
5
What is the hundreds digit of 5105550936?
9
What is the hundred thousands digit of 17747253?
7
What is the ten thousands digit of 36438574?
3
What is the hundreds digit of 163013013?
0
What is the units digit of 114716402?
2
What is the hundreds digit of 215559761?
7
What is the tens digit of 105682736?
3
What is the thousands digit of 649657864?
7
What is the millions digit of 287357548?
7
What is the ten millions digit of 6460618112?
6
What is the millions digit of 353437291?
3
What is the units digit of 144775952?
2
What is the ten millions digit of 282251054?
8
What is the billions digit of 1858815190?
1
What is the millions digit of 1721987338?
1
What is the units digit of 8215255831?
1
What is the hundred millions digit of 917530604?
9
What is the hundreds digit of 1129284031?
0
What is the hundred millions digit of 480704931?
4
What is the thousands digit of 77546142?
6
What is the ten millions digit of 5712063627?
1
What is the hundred millions digit of 478111106?
4
What is the hundred millions digit of 337052693?
3
What is the millions digit of 410162812?
0
What is the hundred millions digit of 404951888?
4
What is the ten thousands digit of 2583799351?
9